or of b and 10.
2
Let i = 21 + -15. Calculate the greatest common factor of 66 and i.
6
Let d(u) = -u + 43. Let r be d(17). What is the highest common divisor of 26 and r?
26
Suppose -2*u = -4*u + 3*k - 2, -2*k + 5 = -5*u. Let o be 8 - 2/(3 + u). What is the greatest common factor of 70 and o?
7
Let w(d) be the third derivative of d**5/60 - d**3/3 - 5*d**2. Let v be w(-3). What is the greatest common divisor of 21 and v?
7
Let p be (-386)/(-8) - (-1)/(-4). Suppose a = -1 - 1. Let x be (1*a)/(5/(-40)). What is the greatest common factor of x and p?
16
Suppose -5*x = -k + 6 + 12, -5*k = x - 12. Let v be (2 - 0) + (-2 - x). What is the highest common divisor of v and 3?
3
Let u(n) = -127*n + 9. Let y be u(-4). Calculate the greatest common divisor of y and 47.
47
Suppose -g - 12 = -4*g. Suppose 0 = -g*q + 12 - 0. Let p be (37 - 1)*6/9. Calculate the highest common factor of p and q.
3
Suppose -10*o + o + 1782 = 0. Calculate the greatest common factor of 22 and o.
22
Suppose -5*z + 159 = -11. What is the greatest common divisor of z and 170?
34
Let i be 72/42 + 2/7. Suppose i*k = -a - a + 18, 4*k = a + 6. Suppose -a = 2*w - 4*w. Calculate the greatest common factor of w and 3.
3
Let z be (2 + -1)*12/(-6) + 30. Suppose 8 = 4*m + 5*g, 4*m - g - 24 = -2*g. Calculate the highest common divisor of m and z.
7
Let y = 11 - 3. Suppose 5*h = 2*q - 59 + 9, -2*h - y = 0. Calculate the highest common factor of q and 15.
15
Let l be ((-4)/10)/(10/(-600)). What is the greatest common factor of 60 and l?
12
Let q be 2/(-7) - 132/(-21). Suppose -q*j - 2 = -5*j, 0 = -3*n + 5*j + 373. Let l = 181 - n. Calculate the greatest common divisor of 40 and l.
20
Let z = -2 - 2. Let d be (-11)/z + 2/8. Suppose 0 = -2*b + d*b - 1. Calculate the greatest common divisor of 7 and b.
1
Let f(w) = w**2 - 16*w + 13. Let d be f(17). What is the greatest common divisor of d and 6?
6
Let t = -11 + 33. Calculate the highest common factor of t and 55.
11
Let x be (-4)/6*(1 + -31). Let d(h) = -72*h + 1. Let p be d(-1). Let j = p + -43. What is the greatest common divisor of x and j?
10
Let c = -19 + 154. Suppose 2*l + c = 3*l. Calculate the highest common divisor of l and 15.
15
Suppose -367 = -4*k - 5*l, 4*k - 5*l - 152 = 185. What is the highest common divisor of k and 8?
8
Let d = -61 + 90. Let m = 89 - d. What is the greatest common factor of m and 12?
12
Let q be 1/(-3)*0*1. Let t be -4 - ((0 - 2) + q). Let i(j) = 11*j**2 - 2*j - 3. Let a be i(t). Calculate the greatest common divisor of a and 9.
9
Suppose -2*n + 13 - 7 = 0. Suppose 0 = 4*g + n*a - 34, -30 = -0*g - 2*g + 5*a. Calculate the greatest common divisor of g and 70.
10
Let f = -5 - -71. Let v(k) = -k**3 + 13*k**2 - 18*k - 38. Let l be v(11). Calculate the highest common factor of f and l.
6
Let b(d) = 746*d**3 - d**2 - 2*d - 1. Let q be b(-1). Let v be q/(-14) - 8/28. Let n = -38 + v. What is the highest common factor of 30 and n?
15
Suppose -4*x + 5*m = -341, m = -3*m + 12. Let j = x - 63. Calculate the highest common divisor of 78 and j.
26
Suppose i - 4 = -h - 0*i, 0 = -5*h - 2*i + 14. Suppose 0 = 3*l + 9, -z + h*l + 96 = z. Calculate the greatest common divisor of 9 and z.
9
Let n = -23 + 18. Let k(b) = b**2 + 5*b + 2. Let a be k(n). Calculate the highest common factor of a and 2.
2
Suppose h - 5*k + 7 = 0, 3*h - 4*k + 3*k - 35 = 0. What is the highest common divisor of 39 and h?
13
Let u(m) = -m**3 + 7*m**2 - 10*m - 2. Let l be u(3). What is the greatest common factor of 20 and l?
4
Let v = 35 + -17. Calculate the highest common factor of v and 9.
9
Let h be (-192)/216*9/(-2). What is the highest common factor of h and 36?
4
Let w(s) = -s**3 - 10*s**2 + 9*s - 14. Let j(y) = 3*y + 4. Let d be j(-5). Let m be w(d). What is the highest common factor of m and 24?
8
Suppose 4*q + 2*f + 101 = 427, -3*q = -f - 257. Calculate the highest common factor of 28 and q.
28
Suppose -5*s - 14 = 2*o, -s - s - o = 6. Let a be -2*(s + 1)*2. Let y be a/6*(1 + 29). Calculate the greatest common divisor of y and 40.
20
Let v = 122 + -82. Calculate the highest common factor of v and 40.
40
Let q be (-2)/((-4)/196*2). What is the greatest common factor of 7 and q?
7
Suppose -v - 3*v + 389 = 5*p, 4*v = 2*p + 354. Calculate the greatest common factor of 13 and v.
13
Let j be 1/(2 + -1)*4. Suppose 6 = -2*b + 2*k - k, 3*k = -5*b - j. Let v be (7/b)/(-7)*38. Calculate the highest common factor of 133 and v.
19
Let s = -16 - -21. What is the greatest common divisor of 5 and s?
5
Let k(v) = -v**3 + v**2 + 2*v - 6. Let o be k(-3). What is the greatest common factor of o and 12?
12
Suppose -2*j - 5*q + 40 = 2*j, 0 = 5*q - 20. Let b be (-5)/(-25) + 44/j. Let h be 4/(-1 - 19/(-18)). What is the highest common factor of b and h?
9
Let c(v) = v**3 + 4*v**2 + 4*v + 3. Let k be c(-3). Suppose 0 = 2*x - k*t + 3*t - 84, -5*x + 210 = 2*t. Calculate the highest common factor of 6 and x.
6
Suppose 5*c = -5*i - 49 + 224, i - 134 = -4*c. Suppose -c = -3*v + 15. Calculate the greatest common factor of 80 and v.
16
Let u = -190 + 253. Suppose -4*d = -5*v - 168, 2*d - v = 98 - 14. What is the greatest common divisor of u and d?
21
Let f be (1 - 1)*(-2)/(-4). Suppose -3*u = -f*u - 12. Suppose r + 0*r = -u*p + 287, -147 = -2*p + 3*r. What is the greatest common factor of p and 9?
9
Let a be (-693)/(-42) - 10/4. Calculate the highest common factor of a and 224.
14
Let l(k) = 2*k. Let a be l(-2). Let v be ((-56)/a)/(2/2). Calculate the highest common factor of 35 and v.
7
Suppose -9*t = -12*t + 345. What is the greatest common divisor of t and 46?
23
Suppose 234 = -6*c + 7*c - 3*h, 0 = -h - 1. What is the greatest common divisor of c and 33?
33
Let m be (-12)/(-10)*(71 - 6). What is the highest common factor of 195 and m?
39
Suppose 0*v - 3*v = 12. Let d(h) = h**2 + 7*h. Let s be d(v). Let z = 108 + s. What is the greatest common divisor of z and 12?
12
Let x = 9 - 4. Suppose 4*f + 7 = 5*f. Suppose -3*h + x*m = -52, -3*m = -3*h - f*m + 34. What is the highest common divisor of 2 and h?
2
Suppose 3*t - 2*t - 4*d = -19, 5 = d. What is the greatest common divisor of 4 and t?
1
Let k = 5 - 1. Suppose k*x = x + 60. Suppose 0*m = -4*m + x, 2*r = -m + 89. What is the highest common factor of r and 28?
14
Suppose -11*x + 9*x + 306 = 0. What is the greatest common factor of 9 and x?
9
Let g be (4 - (0 - 3))*1. Calculate the highest common divisor of 28 and g.
7
Let y(w) = 6*w + 6. Let z be y(8). Let k = z - -56. Suppose 0*q - q + 4*p = -50, -2*p = -3*q + k. Calculate the highest common factor of 85 and q.
17
Let f(u) = -4*u + 2. Let j be (3/(-4))/((-1)/(-8)). Let c be f(j). Suppose -3*g + 13 + 26 = 5*k, 2*g + k = c. Calculate the greatest common divisor of g and 52.
13
Suppose -s = -4*h + 140, h - 2*h + 5*s = -35. Let u = -1 - -2. Suppose -u - 20 = -3*y. What is the greatest common factor of h and y?
7
Let o be 44 - ((-1 - -2) + 1). Suppose -10 = z - 24. Calculate the highest common divisor of o and z.
14
Let d(z) = z**3 + 16*z**2 + 12*z - 20. Let u be d(-15). What is the highest common divisor of u and 225?
25
Let u(f) be the second derivative of f**3/6 - f**2/2 - 2*f. Let x be u(7). What is the highest common factor of x and 54?
6
Let h be (2 + -2)/((-4)/4). Let w be h + -4 + (3 - -10). What is the greatest common divisor of 90 and w?
9
Suppose -5*c + 28 = n - 56, -5*n = 3*c - 68. Let a = 5 - 3. Calculate the highest common factor of c and a.
2
Let s(q) = q**2 + 4. Let c be s(-3). Let d(u) = u**3 - 13*u**2 + 2*u + 26. Let y be d(13). What is the highest common factor of c and y?
13
Let h = 3 + -1. Suppose h*c = 22 - 8. What is the highest common factor of c and 63?
7
Let z(t) = t**3 + 4*t**2 - 4*t + 6. Let f be z(-5). Let x be ((-5)/(15/27))/f. Let r = 15 - x. What is the greatest common factor of r and 16?
8
Suppose 5*n - 2*n + 43 = -t, -2*n = -5*t + 40. Let k(l) = 10*l + 1. Let w be k(-1). Let x = w - n. What is the greatest common divisor of 3 and x?
3
Let c(t) = -7*t. Let k be c(-3). What is the greatest common factor of k and 21?
21
Suppose -2*h = -2*c - 48, 128 = 4*h + 6*c - 2*c. What is the highest common factor of 70 and h?
14
Suppose z + 0*z - 3*v = 8, 4*z + 4*v = 16. Suppose m - 2*m = z*k - 78, 3*m - 198 = -3*k. What is the greatest common factor of 9 and m?
9
